ber?
True
Suppose -10*l + 17 = -93. Suppose -4*r = -l - 9. Is (3/(-6))/(r/(-7620)*2) prime?
False
Is 252/420*-131218*15/(-18) a prime number?
True
Is 38/(-44) + 124/341 + (-1059654)/(-4) a composite number?
True
Let q(b) = -60*b**3 - 20*b**2 - 6*b - 49. Is q(-12) prime?
True
Suppose 10*r = 53 + 77. Suppose 9728 = r*h - 4221. Is h composite?
True
Suppose 3*d - 416594 = o, 4*d - 7*d - 4*o + 416569 = 0. Is d prime?
True
Let g(v) = -v**3 + 144*v**2 + 242*v + 172. Is g(139) a prime number?
False
Suppose 16*m - 11*m + 4*s = 170125, 3*m - 102078 = -3*s. Is m composite?
True
Is (8/12 - (-115)/(-69)) + 138424 a prime number?
False
Let c(z) = -z**3 + 12*z**2 + 12*z + 3. Let s(a) = -a**3 + 13*a**2 + 13*a + 3. Let x(u) = -6*c(u) + 5*s(u). Let b be x(8). Is 902/2*(b + -2 - 2) prime?
False
Let i(h) = -496276*h - 911. Is i(-3) a composite number?
False
Suppose 2*i = -4*w + 314, -w = 2*i - 6*i - 101. Suppose w*g - 16 = 77*g. Suppose g*v - 3164 = -4*q, -5*q + 12 = -8. Is v a composite number?
False
Let c(n) be the third derivative of -95*n**4/3 + 11*n**3/6 + 170*n**2. Is c(-5) prime?
False
Let c be ((-45)/(-6) - -2)/((-3)/(-6)). Let t be (0 - 1)*(16 - c). Suppose t*f - 621 = o - 4*o, -5*o - 3*f + 1025 = 0. Is o a prime number?
False
Let a(k) = k**2 + 3*k - 5. Let x be ((-18)/(-21))/((-4)/28). Let j = x + 14. Is a(j) a prime number?
True
Suppose -27*v - 30696492 = -231*v. Is v composite?
False
Suppose -5*p - 5*a = -2*p - 60627, 3*p - 3*a = 60627. Suppose o + o - p = 3*i, -5*i + 40363 = 4*o. Is o a prime number?
False
Let j(n) = n**2 + 24*n - 47. Let x be j(2). Suppose x*f = 19094 + 16661. Is f prime?
True
Suppose -306*m - 6956 = -305*m. Let v = m + 12129. Is v a prime number?
False
Suppose 4*w = 6*w - 5550. Suppose -4855 + 695 = -3*i - u, 2*i - w = -u. Let p = i - 676. Is p prime?
True
Suppose 2939236 = 6*k + 4*r, 0 = 23*k - 27*k + 5*r + 1959552. Is k composite?
True
Let l(i) be the second derivative of 9/2*i**3 + 8*i**2 - 14*i + 3. Is l(9) prime?
False
Let b = 107 - 102. Suppose 5*a - 2*g - 2783 = 0, -b*a - 11*g + 2787 = -9*g. Is a prime?
True
Suppose -3628624 = 2*k - 148*k + 126182166. Is k a composite number?
True
Let z = 221172 - 35849. Is z a composite number?
False
Let n(k) = -14*k - 81. Let c be n(-6). Suppose -z = -0*z - h - 8162, 2*h - 24466 = -c*z. Is z prime?
False
Suppose 16791493 = 111*w + 14*w - 41454382. Is w a prime number?
False
Let s(i) = 1025*i**2 + 24*i + 398. Is s(-10) prime?
False
Let c be 10/65 + (-126)/(-26). Suppose -25 = -c*g + 2*a, -3*a = 6*g - g. Suppose 2*d - 2963 = g*l, 4*l + 1006 = -4*d + 6902. Is d prime?
False
Let q be (-2 - 14/(-3))*15/(-10). Let g be 4 + 22*(-4)/8. Is q/14 + (-576)/g a prime number?
False
Let c be -13*214*(40/(-16) + 2). Suppose -c = -10*d + 869. Is d composite?
True
Suppose -18*y = 3*y - 12264. Let p = 1935 - y. Is p prime?
False
Let s(o) = -128*o - 21. Let v(p) = 129*p + 20. Let m(z) = 4*s(z) + 3*v(z). Let k be m(-5). Suppose -r + 242 = 2*t + 39, -2*t = 3*r - k. Is r a prime number?
True
Let c(d) = 197*d + 5. Let o be c(-3). Let n = 2166 - 3928. Is 2/(-3 + n/o + 0) prime?
True
Let c be (-14)/(-4) - 6/(-4). Suppose 2*n - 1510 = -c*y, y - 2265 = -3*n + 2*y. Is n composite?
True
Let l(d) = 4049*d + 14. Is l(25) composite?
True
Let t(l) = -3*l**3 - 9*l**2 - 4*l - 20. Let q be t(-7). Suppose q + 1351 = s + w, 0 = -3*s + 4*w + 5855. Is s a composite number?
False
Let v(w) = 2*w**2 + 27*w - 15. Let d be v(-14). Let a be (d*4 - (-1 - 0)) + 173. Suppose a + 1092 = 2*f. Is f composite?
False
Let k be (-2 + 15)*(-3 + -22)*-5. Suppose k = 5*r + 2*p - 1826, 3*r = 3*p + 2079. Is r composite?
False
Let i = -297981 + 546610. Is i a composite number?
True
Let r(y) = 2*y**3 - 4*y**2 - 3*y. Let p be r(3). Let q(x) = 8*x - p*x - 46*x**2 + 115*x**2 - 9. Is q(-4) prime?
False
Suppose 0 = -5*c + 12225 + 6635. Suppose 0 = 8*r + 180 - c. Is r prime?
True
Suppose -29*h + 7503014 + 21126569 = 0. Is h a composite number?
False
Suppose -37 = 16*v + 123. Let c(z) = z - 1. Let u(d) = -13*d - 1. Let q(a) = 6*c(a) + 3*u(a). Is q(v) a prime number?
False
Let r(v) = -22873*v**3 + 19*v**2 - 20*v + 13. Let s(t) = 11437*t**3 - 9*t**2 + 9*t - 6. Let u(z) = -6*r(z) - 13*s(z). Is u(-1) prime?
True
Let b(p) = -1440*p**3 - p**2 + 5*p - 1. Let k be b(2). Let d = 34368 + k. Is d a prime number?
True
Let r = -152 + 150. Is (-371)/28*502*r a prime number?
False
Is ((-6)/9)/((-48)/11411208) prime?
True
Let d = 976 - -3879. Is d composite?
True
Let i = 8 + -6. Suppose k + 5*f = -3*k - 10, -6 = i*k + 3*f. Suppose k = 3*x + 5*j - 778, 0 = -5*x + x + 2*j + 994. Is x a prime number?
True
Suppose 29604 = -27*i + 31*i. Is i + -4 + 6/(-1) a prime number?
False
Let v = -142634 + 333795. Is v a prime number?
True
Is (-654105)/21*(42 - 49) composite?
True
Let t(l) = -l**3 + 16*l**2 - 20*l + 25. Suppose 0 = -5*f + 24 + 46. Let i be t(f). Let j = i - 19. Is j a prime number?
False
Let d = -1648 - -3863. Suppose 4*v + 4 = 0, q - d = -2*q + 4*v. Let k = -270 + q. Is k composite?
False
Let o(v) = -2*v - 3. Let h be o(-1). Let d be h*(7 - 4) - -5. Suppose 34 = 4*n + 3*t, d*n - 3*t = 1 + 7. Is n a composite number?
False
Let a(g) = -4*g**3 + 8*g**2 - 4*g - 16. Let x be a(-4). Let r = x - -413. Is r a prime number?
True
Let t be (-2)/(-10)*2*15. Suppose 0 = 3*i + 2*z + 2867, -2*z = -t*i + i - 4773. Is (i + 0)/(-5)*(2 - 1) a composite number?
False
Let s = -162 + 624. Let j = 80 + -1. Let w = s + j. Is w prime?
True
Suppose 0 = -13*m - 1284 - 2330. Let g = m - -1449. Is g a prime number?
True
Is -15*6/(72/(-4772)) a prime number?
False
Let l = -83939 - -321060. Is l prime?
False
Suppose -26*d = -2*d + 7*d - 4387337. Is d a composite number?
True
Let d(c) = -3*c**3 - c**2 - 9*c - 7. Let b be d(-4). Is 392698/b + 6/(-10) prime?
False
Suppose 632 + 222772 = 12*q. Is q composite?
False
Suppose 5*h = 4*f - 9326, -7 = h - 9. Suppose 5*t - 10799 = -f. Is t a composite number?
False
Is -7 - (-372)/52 - (-1505682)/26 composite?
True
Suppose 87*m + 81*m - 22687728 = 0. Is m a prime number?
False
Let m = -289281 - -406570. Is m a composite number?
True
Suppose 8*w + 11*w - 561046 - 2095363 = 0. Is w a prime number?
False
Suppose m - 3*z + 4 = 0, 4*m - m - z + 12 = 0. Is ((-2764)/8)/(3 - (-14)/m) prime?
True
Let n(j) be the second derivative of 29*j**4/4 + 8*j**3/3 + 25*j**2/2 + 2*j - 5. Is n(-6) a prime number?
True
Let o(p) = -5263*p + 215. Is o(-8) a prime number?
False
Suppose 8 = -4*f, -5*m - 3*f + 63 = 9. Let b(x) be the third derivative of 8*x**4/3 + 11*x**3/6 + 202*x**2. Is b(m) a composite number?
True
Suppose 4*c - 5*o - 40 = -4, 0 = -2*c - 5*o - 12. Is ((-49)/(-14) - c)*-5870 prime?
False
Suppose -3*k = -5*f - 25202, 0 = -10*f + 13*f + 3. Is k prime?
False
Suppose -2*n + 7*n = 5*y + 85, 3*n = 2*y + 49. Suppose 74*p + n = 79*p. Suppose -4*z + 4*w + 11324 = 0, 4*z = p*z - 5*w + 2807. Is z composite?
True
Let f(j) = j**3 + 58*j**2 - 8*j - 318. Is f(-25) composite?
False
Suppose -g = 1 - 3. Suppose -352 = -5*a + g*b + 861, 4*b + 498 = 2*a. Let j = a - 150. Is j a prime number?
False
Suppose -5*h - w = -156684 + 26983, 77823 = 3*h + w. Is h composite?
False
Let s(y) = -38*y**3 - y**2 - 2*y + 2. Let q be s(1). Is (-6)/(-9) + (-173173)/q a prime number?
True
Is (-2)/(((-182)/(-3003))/(983/(-3))) composite?
True
Suppose -2*k + 132 = k. Let u = k - 40. Suppose 5*m - 10406 = -u*y + 2549, -5*m + 15 = 0. Is y a prime number?
False
Suppose 3*a - 14867 + 116528 = 3*b, -b = 5*a - 33851. Is b a prime number?
False
Suppose 0*k - 6965 = -5*y + 5*k, -2785 = -2*y + 3*k. Let p = 1050 + -1050. Is (5 + p)/1 + y prime?
True
Let i(g) = g**3 - 9*g**2 - 21*g + 5. Let o be i(11). Suppose -15*t + o*t - 6242 = 0. Is t composite?
True
Let r = -159101 - -240372. Is r composite?
True
Let t be 2/((-14568)/2427 + 6). Let h = -522 - t. Is h a prime number?
False
Is -34*(8 + (-17149)/22) prime?
False
Suppose 18*d - 20*d = 12. Let x(n) = 69*n**2 - 21*n - 1. Is x(d) a composite number?
False
Suppose 4*f = -11 - 29. Let s be 44/110 - 16/f. Suppose v = s*d + 104 + 67, 0 = d + 2. Is v a prime number?
True
Let h(j) = j**3 + 7*j**2 + 46*j - 111. Let k be h(56). Suppose 16*b = k - 39537. Is b composite?
True
Suppose -5*s + 7999 = 2*l - 4*l, 2*l + 3196 = 2*s. Let x = s + -151. Suppose x + 223 = 7*v. Is v a prime num